{"id":2,"date":"2026-03-16T18:27:21","date_gmt":"2026-03-16T18:27:21","guid":{"rendered":"https:\/\/lokalniewidoczni.pl\/?page_id=2"},"modified":"2026-03-17T01:51:35","modified_gmt":"2026-03-17T01:51:35","slug":"sample-page","status":"publish","type":"page","link":"https:\/\/lokalniewidoczni.pl\/","title":{"rendered":"Lokalniewidoczni.pl"},"content":{"rendered":"<section class=\"fw-main-row \" style=\"\">\n\t<div class=\"fw-container\">\n\t\t<div class=\"fw-row\">\n\t\t<div class=\"fw-col-xs-12\" style=\"\">\n\t\t\t\t\t\t\t\t\r\n<div class=\"persona-block\">\r\n\t<div class=\"image-l\" style=\"background-image: url();\"><\/div>\r\n\t<div class=\"wrap tac\">\r\n\t\t<div class=\"heading-decor\">\r\n\t\t\t\t\t\t<h2>Wizyt\u00f3wka Google dla firm, kt\u00f3re chc\u0105 by\u0107 lepiej widoczne lokalnie<\/h2>\r\n\t\t<\/div>\r\n\t\t\t\t<div class=\"p-text\">Pomagam firmom uporz\u0105dkowa\u0107 i poprawi\u0107 wizyt\u00f3wk\u0119 Google tak, aby lepiej wygl\u0105da\u0142a w wyszukiwarce i Google Maps, budowa\u0142a wi\u0119ksze zaufanie i pomaga\u0142a zdobywa\u0107 wi\u0119cej wej\u015b\u0107, telefon\u00f3w oraz zapyta\u0144. To dobry pierwszy krok, je\u015bli chcesz rozwija\u0107 widoczno\u015b\u0107 lokaln\u0105, a p\u00f3\u017aniej przej\u015b\u0107 do strony internetowej, landing page albo dalszych dzia\u0142a\u0144 marketingowych.\n\nOptymalizacja wizyt\u00f3wki Google\nLepsza obecno\u015b\u0107 firmy w Google Maps\nPorz\u0105dek w ofercie, us\u0142ugach i tre\u015bciach\nPodstawa pod stron\u0119 www i landing page<\/div>\r\n\t\t\t<\/div>\r\n\t<div class=\"image-r\" style=\"background-image: url();\"><\/div>\r\n<\/div>\t\t\t\t\t\t<\/div>\n<\/div>\n\n\t<\/div>\n<\/section>\n\n","protected":false},"excerpt":{"rendered":"<p>Wizyt\u00f3wka Google dla firm, kt\u00f3re chc\u0105 by\u0107 lepiej widoczne lokalnie Pomagam firmom uporz\u0105dkowa\u0107 i poprawi\u0107 wizyt\u00f3wk\u0119 Google tak, aby lepiej wygl\u0105da\u0142a w wyszukiwarce i Google Maps, budowa\u0142a wi\u0119ksze zaufanie i pomaga\u0142a zdobywa\u0107 wi\u0119cej wej\u015b\u0107, telefon\u00f3w oraz zapyta\u0144. To dobry pierwszy krok, je\u015bli chcesz rozwija\u0107 widoczno\u015b\u0107 lokaln\u0105, a p\u00f3\u017aniej przej\u015b\u0107 do strony internetowej, landing page albo [&hellip;]<\/p>\n","protected":false},"author":1,"featured_media":0,"parent":0,"menu_order":0,"comment_status":"closed","ping_status":"open","template":"","meta":{"_acf_changed":false,"footnotes":""},"class_list":["post-2","page","type-page","status-publish","hentry"],"acf":[],"_links":{"self":[{"href":"https:\/\/lokalniewidoczni.pl\/index.php?rest_route=\/wp\/v2\/pages\/2","targetHints":{"allow":["GET"]}}],"collection":[{"href":"https:\/\/lokalniewidoczni.pl\/index.php?rest_route=\/wp\/v2\/pages"}],"about":[{"href":"https:\/\/lokalniewidoczni.pl\/index.php?rest_route=\/wp\/v2\/types\/page"}],"author":[{"embeddable":true,"href":"https:\/\/lokalniewidoczni.pl\/index.php?rest_route=\/wp\/v2\/users\/1"}],"replies":[{"embeddable":true,"href":"https:\/\/lokalniewidoczni.pl\/index.php?rest_route=%2Fwp%2Fv2%2Fcomments&post=2"}],"version-history":[{"count":8,"href":"https:\/\/lokalniewidoczni.pl\/index.php?rest_route=\/wp\/v2\/pages\/2\/revisions"}],"predecessor-version":[{"id":40,"href":"https:\/\/lokalniewidoczni.pl\/index.php?rest_route=\/wp\/v2\/pages\/2\/revisions\/40"}],"wp:attachment":[{"href":"https:\/\/lokalniewidoczni.pl\/index.php?rest_route=%2Fwp%2Fv2%2Fmedia&parent=2"}],"curies":[{"name":"wp","href":"https:\/\/api.w.org\/{rel}","templated":true}]}}